**3. Calculate l(3).
6
Suppose -7 = -5*s + q + 79, 88 = 5*s - 3*q. Let a be 1 + (-1 - 0/(-2)). Suppose -5*t - s + 2 = a. Let k(l) = 2*l + 2. Calculate k(t).
-4
Let j(s) = -2*s**3 - 2*s - 1. Let u be (1 - (-2 + 1))*1. Suppose -4*h + 2*h = u. Determine j(h).
3
Let l(m) be the second derivative of -m**6/120 - m**5/20 - m**3/3 - m**2/2 + 3*m. Let s(g) be the first derivative of l(g). Give s(-3).
-2
Let w(f) be the third derivative of -f**4/24 + f**3/3 - 2*f**2. Let u be 88/55*(-10)/4. What is w(u)?
6
Let v = -2 + 4. Let u be ((-30)/4)/3*v. Let w(r) be the first derivative of -r**2/2 + 3*r - 42. Give w(u).
8
Suppose 3*a = 2*u - 10, -4*a - 18 = -3*u - 3. Let t = a + -3. Let y(l) = l**3 + 4*l**2 - 2. Give y(t).
7
Let o(j) = -4*j**2 + j - 1. Let y(g) = 2*g + 8. Let f be y(-6). Let u be 10/f*14/(-35). Give o(u).
-4
Let g(a) be the second derivative of -a**5/20 - a**4/2 - 2*a**3/3 - 5*a**2/2 - 2*a. Calculate g(-5).
-10
Suppose 2*t + j = -2, t + 0*t - 5*j = 21. Let k(x) = t - 3*x + x + 3*x. Give k(-2).
-1
Let t(s) = -s**2 + s - 1. Let y = -2 - -2. Suppose y*f = -4*f. Suppose -3*a + f*a = 6. Calculate t(a).
-7
Let f(n) = -n**3 + 3*n**2 - 2*n + 2. Let z = 20 - 14. Let j = -10 + z. Let i = 6 + j. Give f(i).
2
Let n(w) be the third derivative of 1/20*w**5 + 0*w - 3*w**2 + 0*w**3 + 1/6*w**4 + 0 - 1/120*w**6. Suppose -3*s = -2*s - 4. What is n(s)?
0
Let g(f) = -3*f + 2. Let o(u) = -3*u**3 - u - 1. Let n be o(-1). What is g(n)?
-7
Let k(s) = 2*s + 7*s + 0*s - 3*s. Determine k(1).
6
Let x(t) = -t**3 + 5*t**2 - 4*t - 2. Let j(z) = z**3 - 8*z**2 + 6*z + 10. Let a be j(7). Suppose 2*v + h - 5 = 0, 7*h - a*h = -12. Give x(v).
-2
Let y(j) = -3*j + 2*j**2 + 1 + 0*j - 5 - 2*j. What is y(4)?
8
Suppose 0 = -2*h - 0*h + 30. Suppose -n = -0*n + h. Let k be 3*(-3 + n/(-9)). Let v(l) = l. Determine v(k).
-4
Let c = 0 + 4. Let o(y) = -y**2 + 2 - 3 - 3 + 5*y - 1. Calculate o(c).
-1
Suppose -8 = 7*b + 27. Let a(n) = 5*n - 2 - 4*n + n**2 + 3*n. What is a(b)?
3
Let d(x) = -4*x - 4. Let j(l) be the second derivative of -l**4/12 + l**2/2 + 5*l. Let b be ((-6)/(-9))/((-1)/3). Let k be j(b). Give d(k).
8
Let b(l) be the first derivative of -l**6/360 - l**5/120 - l**4/4 - 2*l**3/3 - 3. Let a(k) be the third derivative of b(k). Give a(0).
-6
Let j(u) = 4*u**3 + 22*u**2 - 10*u + 3. Suppose 0*i = 4*i - 20. Let o(v) = 3*v**3 + 15*v**2 - 7*v + 2. Let b(q) = i*j(q) - 7*o(q). What is b(2)?
11
Let w(u) = -u**3 - 4*u**2 + 3*u - 2. Suppose -4*y + 2*h - 30 = -0*h, 3*h = -5*y - 10. What is w(y)?
8
Let u(k) be the third derivative of -k**5/60 - k**4/12 + k**3/2 + 2*k**2 + 20. Suppose 0 = -2*s - 4*j - 8, s + 3*s + 16 = -4*j. Give u(s).
-5
Let k(y) = 8*y - 3*y - 18 - 4*y + 0. What is k(0)?
-18
Suppose -4*w + 6 = -14. Let q(m) = -3*m + 3. Determine q(w).
-12
Let p(c) = c**2 + 5*c - 1 - 6*c + 3. Let d(k) = -k**2. Let y(n) = -7*n**2 + 5*n - 9. Let b(o) = 3*d(o) - y(o). Let t(w) = -2*b(w) + 9*p(w). Determine t(2).
6
Let w be 6/18 - (-16)/6. Let j = 1 + w. Let v(n) = n**2 - 6*n + 4. Calculate v(j).
-4
Let t = -2 + 1. Let r(m) = -2*m - 2*m**2 - 3 + 89*m**3 - 83*m**3 + 2 + m**2. Determine r(t).
-6
Let c(m) = -6*m**2 + 3*m**2 + 5*m + 3*m**2 + m**2. Give c(-4).
-4
Let r(s) = 2*s + 50. Let c be r(-22). Let m(l) = -1. Let f(b) = b + 5. Let a(n) = -f(n) - 3*m(n). What is a(c)?
-8
Suppose -4*o = 3*y - 17, -2*y = -4*y - 5*o + 9. Let u(t) = t - 2. Let w(c) = c - 1. Let l(z) = -3*u(z) + 4*w(z). Calculate l(y).
9
Let s = -39 - -43. Let i(m) = 5*m - 6. Give i(s).
14
Suppose 1 = -2*v + 13. Suppose 0 = 2*y + y - v. Suppose -2*i + y*l + 7 = i, 0 = i - 5*l - 11. Let h(f) = f**2. Give h(i).
1
Let j(o) = 3*o**2 + o + 1. Let l be j(-1). Let p be -3 + (-3 - -2) + l. Let k(i) = -3*i - 1. Calculate k(p).
2
Let h(i) be the third derivative of i**4/12 - 7*i**3/6 + 28*i**2. What is h(5)?
3
Let g be (8/2)/(-5 - (-21)/7). Let q(t) be the third derivative of -t**4/8 - t**3/6 - 4*t**2. What is q(g)?
5
Let g(c) = c**2 - 4*c + 3. Let w(r) = -r**3 + 9*r**2 - 9*r + 12. Let l be w(8). Let m(s) = -s**2 + 4*s - 2. Let f(z) = l*g(z) + 5*m(z). Give f(5).
-3
Let b(d) = d**2 - d + 2. Let v(x) = -x**3 - 5*x**2 + 8*x - 3. Let c be v(-6). Let h = c - -13. What is b(h)?
8
Suppose 0 = -4*q + 8*q. Let h(p) = -4 + q - 5 - p + 5. Determine h(-4).
0
Let f(w) be the second derivative of -w**7/840 + w**6/120 - w**5/120 + w**4/24 - 4*w**3/3 - 7*w. Let u(o) be the second derivative of f(o). Calculate u(2).
3
Let l be (-2)/4 - (-130)/4. Suppose 2*c - l = -2*c. Let u be (-8)/(-10)*20/c. Let x(y) = -4*y**2 + 2*y + 2. What is x(u)?
-10
Let x(d) = -d + 6. Let s = 109 + -104. Calculate x(s).
1
Let m = 12 - 17. Let k(z) be the second derivative of z**3/6 + 4*z**2 + 16*z. Determine k(m).
3
Suppose -s + 4 = 0, -a + 4*a + 4*s = 106. Suppose -3*b = 3*b + a. Let o(l) = -3*l - 4. Let v(u) = 7*u + 9. Let n(j) = -9*o(j) - 4*v(j). Give n(b).
5
Let q(a) be the second derivative of -5*a**3/6 - a**2/2 - 3*a - 8. Let s be (-4)/(-18) - (-29)/(-9). Calculate q(s).
14
Let z(j) = -j**2 + j - 6. Let l(y) = -y + 2. Let x be l(4). Let b = 10 + x. Let v = 8 - b. What is z(v)?
-6
Let h(r) = 4*r + 12 - 4*r - 8*r + 7*r. Calculate h(5).
7
Let l be ((-9)/6 + 2)*0. Let z = 1 + -1. Let k(q) = -q**2 + 2*q - q + z*q - 3. Determine k(l).
-3
Suppose -6 + 0 = -3*a. Let m(u) be the second derivative of 1/6*u**3 + 1/2*u**a + 3*u + 0. What is m(-4)?
-3
Let v(q) = -1 + 4 - 5*q**2 - q**3 - q**2. Give v(-6).
3
Suppose -q - 6 = -s, -3*s = -s - q - 13. Let m(f) = -s*f**3 + 0*f**3 + 3*f**3 + 5*f**3 - 1 + 6*f**2 + 6*f. Let x be ((-10)/4 + 0)*2. What is m(x)?
-6
Let v(j) = -j**2 + 9*j + 6. Let h be v(9). Let l(t) = -3*t - 2. Let w(p) = -2*p - 1. Let d(g) = h*l(g) - 7*w(g). Determine d(-4).
11
Let n be (-2 - 1) + (-3)/(-3). Let g(p) be the third derivative of p**6/120 - p**4/8 - p**3/6 + p**2. Determine g(n).
-3
Let c(i) be the third derivative of -i**8/6720 - i**7/315 - i**6/90 - i**5/60 - 5*i**4/24 - i**2. Let h(p) be the second derivative of c(p). Calculate h(-7).
5
Let t(k) = -6*k + 1. Let b(u) = 17*u - 3. Let r(j) = -4*b(j) - 11*t(j). Calculate r(1).
-1
Let w(j) = -j**3 + 3*j**2 + 2*j + 2. Let s be w(4). Let v(c) = -c**2 + 2*c**2 - 3 + 6*c - 6*c**2 + 6*c**2. Give v(s).
-3
Let t(d) = 5*d**2 - 5*d - 6. Let h(k) = -4*k**2 + 4*k + 5. Let u(o) = 4*h(o) + 3*t(o). Let f be (42/(-35))/((-2)/(-5)). Calculate u(f).
-10
Let m(z) be the third derivative of 0 - 1/24*z**4 - 1/120*z**5 + 0*z + 1/360*z**6 + 2*z**2 - 2/3*z**3. Let w(o) be the first derivative of m(o). What is w(-2)?
5
Let u(o) = -6*o + 11*o**3 + 13*o**3 - 2*o**2 + 1 - 23*o**3. Suppose -a + f = 0, -2*a + a = 2*f - 12. Determine u(a).
9
Let r(w) = w**3 - 9*w**2 + w + 6. Let a = 8 - -1. Let k be r(a). Suppose f = -2*f - k. Let n(o) = -o**3 - 5*o**2 - 2*o - 7. Calculate n(f).
3
Let z(w) = w**2 + w - 1. Let q(h) = -6*h**2 - 4*h + 8. Let o(s) = q(s) + 5*z(s). Suppose x = 5*x - 12. Give o(x).
-3
Let v(r) = r**2 - 4*r. Suppose 5*l = 2*n + 18, n = -2*n + 2*l - 5. Let j be 2/(2*n/(-10)). Let a be 2/j - (-42)/10. Calculate v(a).
0
Let v(w) be the second derivative of -w**5/20 + w**4/3 - w**3/6 - w**2 + 2*w. Let y(q) = -q + 10. Let p be y(7). Calculate v(p).
4
Let p = -8 - -14. Let n(q) = p*q + 6 - q**2 + 0*q - 7*q. Calculate n(0).
6
Let j(a) = a**3 + 5*a**2 - 3*a - 7. Suppose t = -29 + 24. What is j(t)?
8
Let s(x) = -x**3 - x. Let h be (-3)/18 - (-41)/(-6). Let w be 15/(-20) + h/(-4). Determine s(w).
-2
Let z(n) be the second derivative of n**5/20 + n**4/4 - 2*n**3/3 - 3*n**2 + n. What is z(-4)?
-6
Let t(n) be the third derivative of n**5/10 - n**4/3 + n**3/3 - 5*n**2. Let l(j) = 5*j**2 - 7*j + 1. Let z(d) = 5*l(d) - 4*t(d). Determine z(5).
7
Let i(s) = s**3 - 2*s - 1. Let f be i(-2). Let h be 4/18*(9 + 0). Let p(z) = 2 - h*z**2 + 7*z**2 - z**2 - 5*z**2 - 6*z. Give p(f).
7
Let g be (-3)/(-2)*(-50)/(-15). Let l(d) = -d + 10. Calculate l(g).
5
Let u(y) = -4 + 3*y - 2*y - 2*y - y**3 - 4*y**2. Let g = -20 - -16. Determine u(g).
0
Let l(r) be the first derivative of r**3/3 + 5*r**2/2 + r + 4. Let k(z) = -z. Let p(h) = -5*k(h) - l(h). Determine p(2).
-5
Suppose 3*h - 112 = -106. Let g(c) = -4*c**2 - 3*c - 8. Let a(f) = -f**2 - f - 1. Let b(p) = -5*a(p) + g(p). Determine b(h).
5
Let y(t) be the third derivative of 5/6*t**3 + 1/24*t**4 + 0*t + 3*t**2 + 0. Give y(0).
